f -146*(-24)/((-1248)/(-1066)).
41, 73
Suppose -5 = 5*t - 4*d, -t + 5*d = 31 - 9. Suppose -m + 3*o + 66 = -0*m, -198 = -t*m + 5*o. Suppose 111 = 3*w - m. What are the prime factors of w?
59
Suppose 3 = x - 3*j, 5*x + 0*j + 5 = -5*j. Suppose 4*l - o + 0*o - 1291 = x, l = 3*o + 320. List the prime factors of l.
17, 19
Suppose -8 = 4*y + 12, -v + y = -18. Suppose -2*n + 16*n + 7*n = 0. Suppose n = -t + v*t - 876. List the prime factors of t.
73
Let a be 0 + ((-1698)/(-8))/((-3)/(-4)). Let f = a + -159. List the prime factors of f.
2, 31
Suppose 71 = -5*g + 36. Let v(f) = f**3 + 7*f**2 - 2*f - 12. Let d be v(g). Let z(p) = 13*p**3 - p**2 + 2*p + 1. What are the prime factors of z(d)?
3, 5, 7
Let z(u) = -u**2 - 16*u - 16. Let o be z(-13). Let d be (o + -14)/((-1)/(-5)). Suppose -7*n + 12*n = d. List the prime factors of n.
3
Let u(q) = -3*q**3 - 17*q**2 + 7*q + 6. Let w be u(-6). Suppose 185 = x - v, -x + w*v + 185 = 4*v. What are the prime factors of x?
5, 37
Suppose 13*k = 1509 + 1650. Let d be (4 + -1)*(-4)/(-2). What are the prime factors of 3/d + k/6?
41
Let z(n) = n**2 - 7*n - 10. Let a be z(10). Suppose -a*p = -23*p. Suppose p*k + 594 = 3*k. List the prime factors of k.
2, 3, 11
Let k(z) = -213*z**3 + z**2 + 8*z + 6. Let b be k(-1). Suppose -2*h + 1 = -5. Suppose 2*n - b = -h*a, 3*a = -5*n - 319 + 849. List the prime factors of n.
2, 53
Let m(z) = 18*z - 72. Let s be m(4). What are the prime factors of s/(-18) + 828 + -3?
3, 5, 11
Let m be 13 + -18 - (-7 - 4/(-2)). Suppose m = 4*x + 235 - 799. List the prime factors of x.
3, 47
Let t(o) = 474*o + 75. Let f be t(5). Suppose -f - 335 = -2*n. What are the prime factors of n?
2, 5, 139
Let y(m) = m**3 - 7*m**2 - 20*m + 5. Let z(c) = 3*c**3 - 20*c**2 - 60*c + 14. Let n(o) = 7*y(o) - 2*z(o). List the prime factors of n(13).
3, 47
Let n(f) be the third derivative of f**6/60 - 11*f**5/60 + 7*f**4/24 + 4*f**3/3 - 2*f**2 - 1. Suppose -2*y + 2 + 10 = 0. What are the prime factors of n(y)?
2, 43
Let p(t) = -t**3 - 11*t**2 + 598*t - 7. What are the prime factors of p(-40)?
3, 11, 227
Let g = -15 + 39. Let w = g + -6. Suppose -19*k = -w*k - 83. What are the prime factors of k?
83
Let s be 2 + (0/(-6))/(3/(-3)). Suppose -b - s*m + 1054 = 0, -4*b + 3769 = -4*m - 423. What are the prime factors of b?
2, 3, 5, 7
Suppose 3*g + 222 = -3*k, -4*g - 317 = 5*k + 57. Let v = 11 + k. Let z = 226 + v. List the prime factors of z.
3, 53
Let r be (4 - -26)/3 - 2. Let n(p) = 16*p + 18. Let c be n(r). Suppose -4*x = 2*a - c, 0 = -5*x + 4*x + 3*a + 40. List the prime factors of x.
37
Suppose -3*g = 6*g - 585. Let u = -63 + g. Let d(i) = 3*i**2 + 2*i - 1. What are the prime factors of d(u)?
3, 5
Let l = 5096 - -6925. List the prime factors of l.
3, 4007
Let b(y) be the first derivative of y**4/4 - 23*y**3/3 + 12*y**2 - 28*y + 378. Suppose -4*a + 102 = 14. What are the prime factors of b(a)?
2
Suppose 287*o - 294*o + 5087 = -21443. List the prime factors of o.
2, 5, 379
Suppose 0 = n + h - 222, 0 = -3*n - 5*h + 591 + 85. Let c = n + 465. List the prime factors of c.
2, 11, 31
Suppose 0 = -5*w + 15, -4*f - 16*w + 13*w + 25 = 0. What are the prime factors of (-4 - (-304)/24)/(f/654)?
13, 109
Suppose 341575 = 39*c - 57*c + 43*c. List the prime factors of c.
13, 1051
Let u be 1/(3 + 27622/(-9205)). Let l = -902 - u. What are the prime factors of l?
7, 59
Let g(u) = -3*u. Let v be g(-2). Let p(k) = 364 - 244 - 146 + 11*k. List the prime factors of p(v).
2, 5
Let n be -4 - (-546 - (1 + -3)). Suppose -2*y - n = 64. What are the prime factors of 5 - 5 - y/2?
151
Let x(h) = 213*h**2 + 2*h + 2. Let f be x(-1). Let w = 472 - f. Let c = w + -181. What are the prime factors of c?
2, 3, 13
Let u be 947/((5/(-20))/(3/(-6))). Let j = u - 751. What are the prime factors of j?
3, 127
What are the prime factors of 43380/(-225)*(310/(-4))/((-6)/(-12))?
2, 31, 241
Let h(r) = 35*r - 123. Let y be h(3). List the prime factors of 1887/(-4)*48/y.
2, 17, 37
Suppose 13*w - 40 = 8*w. Suppose -5 = -w*g + 11. Suppose -g*p + 72 = 3*k, -2*k + p + 47 = 2*p. List the prime factors of k.
2, 11
List the prime factors of (9 + -7 - 10096)*(-2 - 0/7).
2, 7, 103
Suppose -g = 5*j + 4496, -3*j + 106*g - 107*g = 2696. Suppose 0 = -0*h + 2*h + 30. List the prime factors of j/h - (3 + 1).
2, 7
Suppose -x - 111 = -y, -117 = x - 6*y + 2*y. Let t = x - -220. Suppose t = 2*i + i. What are the prime factors of i?
37
Let s = 4247 + 253. What are the prime factors of s?
2, 3, 5
Let l(b) = -185*b + 31. Let k(r) = -166*r + 32. Let x(o) = 10*k(o) - 9*l(o). Let d be 1/(-1) + -2*3. What are the prime factors of x(d)?
2, 3
What are the prime factors of 1/(-8)*-44*(-9 + 7125)?
2, 3, 11, 593
Let r(l) = 470 + 152 - 24 - 3*l**2 + 2*l. What are the prime factors of r(0)?
2, 13, 23
What are the prime factors of (-11 + 11)/5 + 12841?
12841
Let a = 18813 - 11436. List the prime factors of a.
3, 2459
Let v(c) = 1384*c + 5820. What are the prime factors of v(13)?
2, 5953
Let n = -29334 + 52895. List the prime factors of n.
23561
Let i = -643 + 1791. Let n = i + -661. What are the prime factors of n?
487
Suppose -4*s + 63033 = -3*m - 44663, 5*s - 134643 = -2*m. What are the prime factors of s?
26927
Suppose 3*i + 2*a - 56 = 0, -3*i - 2*a - 44 = -5*i. Suppose 10*t - i - 10 = 0. Suppose -3*x - 948 = -5*c - 0*x, -t*x = -3*c + 564. List the prime factors of c.
2, 3
Let w be (17 + -5)/(0 + 2). Suppose 3*r + a - w = r, r = a. Suppose r*v - 81 = 3*u, -5*v + 65 = 2*u - 147. What are the prime factors of v?
2, 3, 7
Let i(s) = -51 + 70 + 0*s - 2*s. Let r be i(8). Suppose -r*v + 89 = -106. What are the prime factors of v?
5, 13
Suppose 95*o = -1500052 + 4099167 + 1890110. What are the prime factors of o?
5, 13, 727
Let r(u) = 7044*u**2 - 16*u - 17. List the prime factors of r(-1).
7043
Let n be 55 + 0 + -5 + 5. Let u be (-11973)/(-33) + 10/n. Let k = -224 + u. What are the prime factors of k?
139
Suppose -6*y = y - 91. Let r = y - 12. Let c(o) = 60*o**3 + 3*o**2 - 2. List the prime factors of c(r).
61
Let w = 115 + -83. Let v = w + 11. Let c = 107 - v. What are the prime factors of c?
2
Let y be (9 - -1451) + 0*(-2)/(-4). Let v = y + -411. What are the prime factors of v?
1049
Suppose g - 5 = 0, -29744 = -5*s - 3*g + 69681. List the prime factors of s.
2, 9941
What are the prime factors of ((-613)/(-3))/(2505/(-315) - (-9 + 1))?
7, 613
Let j = 137 + -62. Suppose -j*m = -69*m - 822. List the prime factors of m.
137
Let z(r) = -r**2 - 13*r - 21. Let q be z(-14). Let v = q - -130. What are the prime factors of 9985/v - (-4)/(-38)?
3, 5, 7
What are the prime factors of (-2)/6 + (139399/39 - 18)?
2, 7, 127
Suppose 15 + 3 = 6*i. Suppose 32 = 5*c + i*y, 9*c = 14*c - y - 36. List the prime factors of 1 - (-1517)/c - (-2)/7.
2, 109
Let y be ((-12)/15)/((-2)/140). Let a = -607 + 579. Let l = y + a. What are the prime factors of l?
2, 7
Let z = -38 - -38. Suppose i + z = 3. Let g(f) = 5*f**3 + 6*f**2 - 8*f + 2. List the prime factors of g(i).
167
Let k(u) be the first derivative of 3*u**2/2 + 6*u + 12. Let y be k(11). List the prime factors of (-1)/(-2) - y/12*-22.
2, 3
Suppose 3*r + 2*y - 86480 = -24951, 20526 = r + 3*y. What are the prime factors of r?
3, 5, 1367
Suppose 0 = -5*r + 2*g + 17464, 0 = -g + 3*g + 4. Suppose -3*n - 15 = -r. List the prime factors of n.
19, 61
Suppose 0 = 7*c + 55 + 519. Let n = c - -165. List the prime factors of n.
83
Let z be 4/2 - 0/(-4). Suppose j = 4*c - 16, 0*c = -z*c + 2*j + 8. Suppose -o + 115 = c*p, 10 = -p - 3*o + 36. What are the prime factors of p?
29
What are the prime factors of (-6792840)/(-540) + 2*2/(-12)?
3, 7, 599
Suppose 3*g = -5*n - 203, 3*g - 24 - 93 = 3*n. Let f be n/12*303/(-2). Suppose l - w - 103 = 0, -5*l + f = 4*w + w. What are the prime factors of l?
2, 3, 17
Suppose 625994 = 35*k + 96864. What are the prime factors of k?
2, 7559
Let n = 2052 + -1845. List the prime factors of n.
3, 23
Let g be (3 + -1)*(-120)/16. Let v = -40 - -55. List the prime factors of (-151 - 0)*v/g.
151
Let c(h) = 104*h. Suppose -4*r - 8*o - 4 = -4*o, -7 = 3*r + 2*o. Let n be c(r). Let d = n + 738. List the prime factors of d.
2, 109
Let q(i) = 23929*i - 213. List the prime factors of q(1).
2, 7, 11
Suppose 58770 = 359*w - 350*w. What are the prime factors of w?
2, 5, 653
Let